[INFO] cloning repository https://github.com/sushiyoshi/Rust_shooting
[INFO] running `Command { std: "git" "-c" "credential.helper=" "-c" "credential.helper=/workspace/cargo-home/bin/git-credential-null" "clone" "--bare" "https://github.com/sushiyoshi/Rust_shooting" "/workspace/cache/git-repos/https%3A%2F%2Fgithub.com%2Fsushiyoshi%2FRust_shooting", kill_on_drop: false }`
[INFO] [stderr] Cloning into bare repository '/workspace/cache/git-repos/https%3A%2F%2Fgithub.com%2Fsushiyoshi%2FRust_shooting'...
[INFO] running `Command { std: "git" "rev-parse" "HEAD", kill_on_drop: false }`
[INFO] [stdout] 6dded4f210a639af125975d4f47800cb74e6bce6
[INFO] checking sushiyoshi/Rust_shooting against try#72f88fc4e9458f89516a0b8b0868f3718aec5b47 for pr-74989
[INFO] running `Command { std: "git" "clone" "/workspace/cache/git-repos/https%3A%2F%2Fgithub.com%2Fsushiyoshi%2FRust_shooting" "/workspace/builds/worker-5/source", kill_on_drop: false }`
[INFO] [stderr] Cloning into '/workspace/builds/worker-5/source'...
[INFO] [stderr] done.
[INFO] validating manifest of git repo https://github.com/sushiyoshi/Rust_shooting on toolchain 72f88fc4e9458f89516a0b8b0868f3718aec5b47
[INFO] running `Command { std: "/workspace/cargo-home/bin/cargo" "+72f88fc4e9458f89516a0b8b0868f3718aec5b47" "read-manifest" "--manifest-path" "Cargo.toml", kill_on_drop: false }`
[INFO] started tweaking git repo https://github.com/sushiyoshi/Rust_shooting
[INFO] finished tweaking git repo https://github.com/sushiyoshi/Rust_shooting
[INFO] tweaked toml for git repo https://github.com/sushiyoshi/Rust_shooting written to /workspace/builds/worker-5/source/Cargo.toml
[INFO] crate git repo https://github.com/sushiyoshi/Rust_shooting already has a lockfile, it will not be regenerated
[INFO] running `Command { std: "/workspace/cargo-home/bin/cargo" "+72f88fc4e9458f89516a0b8b0868f3718aec5b47" "fetch" "--locked" "--manifest-path" "Cargo.toml", kill_on_drop: false }`
[INFO] [stderr]  Downloading crates ...
[INFO] [stderr]   Downloaded camera_controllers v0.27.0
[INFO] [stderr]   Downloaded piston2d-drag_controller v0.25.0
[INFO] running `Command { std: "docker" "create" "-v" "/var/lib/crater-agent-workspace/builds/worker-5/target:/opt/rustwide/target:rw,Z" "-v" "/var/lib/crater-agent-workspace/builds/worker-5/source:/opt/rustwide/workdir:ro,Z" "-v" "/var/lib/crater-agent-workspace/cargo-home:/opt/rustwide/cargo-home:ro,Z" "-v" "/var/lib/crater-agent-workspace/rustup-home:/opt/rustwide/rustup-home:ro,Z" "-e" "SOURCE_DIR=/opt/rustwide/workdir" "-e" "CARGO_TARGET_DIR=/opt/rustwide/target" "-e" "CARGO_HOME=/opt/rustwide/cargo-home" "-e" "RUSTUP_HOME=/opt/rustwide/rustup-home" "-w" "/opt/rustwide/workdir" "-m" "1610612736" "--user" "0:0" "--network" "none" "rustops/crates-build-env@sha256:d92eaeed33fa75130ca1ee6c8a01d1ffb62bac859dfdfb3450e3e5d1c0146529" "/opt/rustwide/cargo-home/bin/cargo" "+72f88fc4e9458f89516a0b8b0868f3718aec5b47" "metadata" "--no-deps" "--format-version=1", kill_on_drop: false }`
[INFO] [stderr] WARNING: Your kernel does not support swap limit capabilities or the cgroup is not mounted. Memory limited without swap.
[INFO] [stdout] fd20f7eebaff1948d745dc9606f6d38bae83445d57cbe7fa683afe31e86b4244
[INFO] running `Command { std: "docker" "start" "-a" "fd20f7eebaff1948d745dc9606f6d38bae83445d57cbe7fa683afe31e86b4244", kill_on_drop: false }`
[INFO] running `Command { std: "docker" "inspect" "fd20f7eebaff1948d745dc9606f6d38bae83445d57cbe7fa683afe31e86b4244", kill_on_drop: false }`
[INFO] running `Command { std: "docker" "rm" "-f" "fd20f7eebaff1948d745dc9606f6d38bae83445d57cbe7fa683afe31e86b4244", kill_on_drop: false }`
[INFO] [stdout] fd20f7eebaff1948d745dc9606f6d38bae83445d57cbe7fa683afe31e86b4244
[INFO] running `Command { std: "docker" "create" "-v" "/var/lib/crater-agent-workspace/builds/worker-5/target:/opt/rustwide/target:rw,Z" "-v" "/var/lib/crater-agent-workspace/builds/worker-5/source:/opt/rustwide/workdir:ro,Z" "-v" "/var/lib/crater-agent-workspace/cargo-home:/opt/rustwide/cargo-home:ro,Z" "-v" "/var/lib/crater-agent-workspace/rustup-home:/opt/rustwide/rustup-home:ro,Z" "-e" "SOURCE_DIR=/opt/rustwide/workdir" "-e" "CARGO_TARGET_DIR=/opt/rustwide/target" "-e" "CARGO_INCREMENTAL=0" "-e" "RUST_BACKTRACE=full" "-e" "RUSTFLAGS=--cap-lints=forbid" "-e" "CARGO_HOME=/opt/rustwide/cargo-home" "-e" "RUSTUP_HOME=/opt/rustwide/rustup-home" "-w" "/opt/rustwide/workdir" "-m" "1610612736" "--user" "0:0" "--network" "none" "rustops/crates-build-env@sha256:d92eaeed33fa75130ca1ee6c8a01d1ffb62bac859dfdfb3450e3e5d1c0146529" "/opt/rustwide/cargo-home/bin/cargo" "+72f88fc4e9458f89516a0b8b0868f3718aec5b47" "check" "--frozen" "--all" "--all-targets" "--message-format=json", kill_on_drop: false }`
[INFO] [stderr] WARNING: Your kernel does not support swap limit capabilities or the cgroup is not mounted. Memory limited without swap.
[INFO] [stdout] 77ca3cec4b975049d9f636e8e84049695d917a8f4bbd5df67fae0e2cfa66ca93
[INFO] running `Command { std: "docker" "start" "-a" "77ca3cec4b975049d9f636e8e84049695d917a8f4bbd5df67fae0e2cfa66ca93", kill_on_drop: false }`
[INFO] [stderr]    Compiling syn v0.15.32
[INFO] [stderr]    Compiling num-traits v0.2.6
[INFO] [stderr]    Compiling arrayvec v0.4.10
[INFO] [stderr]    Compiling xml-rs v0.8.0
[INFO] [stderr]    Compiling cc v1.0.35
[INFO] [stderr]    Compiling khronos_api v3.1.0
[INFO] [stderr]    Compiling num-integer v0.1.39
[INFO] [stderr]    Compiling rayon-core v1.4.1
[INFO] [stderr]    Compiling nix v0.13.0
[INFO] [stderr]    Compiling rayon v1.0.3
[INFO] [stderr]    Compiling num-derive v0.2.4
[INFO] [stderr]    Compiling num-iter v0.1.37
[INFO] [stderr]    Compiling num-rational v0.2.1
[INFO] [stderr]     Checking either v1.5.2
[INFO] [stderr]     Checking same-file v1.0.4
[INFO] [stderr]     Checking smallvec v0.6.9
[INFO] [stderr]     Checking xdg v2.2.0
[INFO] [stderr]     Checking interpolation v0.2.0
[INFO] [stderr]     Checking find_folder v0.3.0
[INFO] [stderr]    Compiling log v0.4.6
[INFO] [stderr]    Compiling rand_pcg v0.1.2
[INFO] [stderr]    Compiling rand_chacha v0.1.1
[INFO] [stderr]    Compiling rand v0.6.5
[INFO] [stderr]     Checking rand_jitter v0.1.3
[INFO] [stderr]     Checking piston-viewport v0.5.0
[INFO] [stderr]     Checking crossbeam-utils v0.2.2
[INFO] [stderr]     Checking draw_state v0.8.0
[INFO] [stderr]     Checking inflate v0.4.5
[INFO] [stderr]    Compiling x11-dl v2.18.3
[INFO] [stderr]    Compiling xml-rs v0.7.0
[INFO] [stderr]     Checking walkdir v2.2.7
[INFO] [stderr]     Checking gif v0.10.1
[INFO] [stderr]     Checking quaternion v0.3.1
[INFO] [stderr]     Checking serde v1.0.90
[INFO] [stderr]    Compiling quote v0.6.12
[INFO] [stderr]     Checking num_cpus v1.10.0
[INFO] [stderr]     Checking rand_os v0.1.3
[INFO] [stderr]     Checking memmap v0.7.0
[INFO] [stderr]     Checking shared_library v0.1.9
[INFO] [stderr]     Checking rand v0.4.6
[INFO] [stderr]     Checking stb_truetype v0.2.6
[INFO] [stderr]     Checking deflate v0.7.19
[INFO] [stderr]     Checking piston3d-cam v0.3.0
[INFO] [stderr]     Checking osmesa-sys v0.1.2
[INFO] [stderr]    Compiling wayland-scanner v0.21.12
[INFO] [stderr]    Compiling gl_generator v0.10.0
[INFO] [stderr]     Checking crossbeam-epoch v0.3.1
[INFO] [stderr]    Compiling gl_generator v0.9.0
[INFO] [stderr]     Checking crossbeam-deque v0.2.0
[INFO] [stderr]     Checking uuid v0.6.5
[INFO] [stderr]     Checking ordered-float v1.0.2
[INFO] [stderr]     Checking approx v0.3.2
[INFO] [stderr]     Checking line_drawing v0.7.0
[INFO] [stderr]    Compiling libloading v0.5.0
[INFO] [stderr]     Checking rusttype v0.7.6
[INFO] [stderr]     Checking parking_lot_core v0.4.0
[INFO] [stderr]     Checking png v0.14.0
[INFO] [stderr]     Checking dlib v0.4.1
[INFO] [stderr]     Checking parking_lot v0.7.1
[INFO] [stderr]     Checking andrew v0.2.1
[INFO] [stderr]     Checking piston2d-graphics v0.30.0
[INFO] [stderr]     Checking wayland-sys v0.21.12
[INFO] [stderr]    Compiling gl v0.11.0
[INFO] [stderr]    Compiling glutin v0.19.0
[INFO] [stderr]    Compiling wayland-client v0.21.12
[INFO] [stderr]    Compiling wayland-protocols v0.21.12
[INFO] [stderr]    Compiling gfx_gl v0.5.0
[INFO] [stderr]     Checking wayland-commons v0.21.12
[INFO] [stderr]     Checking jpeg-decoder v0.1.15
[INFO] [stderr]    Compiling serde_derive v1.0.90
[INFO] [stderr]    Compiling derivative v1.0.2
[INFO] [stderr]     Checking smithay-client-toolkit v0.4.5
[INFO] [stderr]     Checking winit v0.18.1
[INFO] [stderr]     Checking tiff v0.2.2
[INFO] [stderr]     Checking image v0.21.1
[INFO] [stderr]     Checking gfx_core v0.8.3
[INFO] [stderr]     Checking piston2d-opengl_graphics v0.59.0
[INFO] [stderr]     Checking pistoncore-input v0.24.0
[INFO] [stderr]     Checking gfx v0.17.1
[INFO] [stderr]     Checking gfx_device_gl v0.15.5
[INFO] [stderr]     Checking piston-gfx_texture v0.35.0
[INFO] [stderr]     Checking piston2d-gfx_graphics v0.56.0
[INFO] [stderr]     Checking pistoncore-window v0.37.0
[INFO] [stderr]     Checking piston-ai_behavior v0.27.0
[INFO] [stderr]     Checking piston2d-drag_controller v0.25.0
[INFO] [stderr]     Checking camera_controllers v0.27.0
[INFO] [stderr]     Checking pistoncore-event_loop v0.42.0
[INFO] [stderr]     Checking pistoncore-glutin_window v0.54.0
[INFO] [stderr]     Checking piston v0.42.0
[INFO] [stderr]     Checking piston_window v0.89.0
[INFO] [stderr]     Checking piston2d-sprite v0.50.0
[INFO] [stderr]     Checking shooting v0.1.0 (/opt/rustwide/workdir)
[INFO] [stdout] error[E0412]: cannot find type `AppWindow` in this scope
[INFO] [stdout]   --> src/main.rs:39:12
[INFO] [stdout]    |
[INFO] [stdout] 39 |     window:AppWindow,
[INFO] [stdout]    |            ^^^^^^^^^ not found in this scope
[INFO] [stdout] 
[INFO] [stdout] 
[INFO] [stdout] error[E0412]: cannot find type `AppWindow` in this scope
[INFO] [stdout]   --> src/main.rs:77:35
[INFO] [stdout]    |
[INFO] [stdout] 77 |   fn new_window(opengl:OpenGL) -> AppWindow{
[INFO] [stdout]    |                                   ^^^^^^^^^ not found in this scope
[INFO] [stdout] 
[INFO] [stdout] 
[INFO] [stdout] error[E0412]: cannot find type `AppWindow` in this scope
[INFO] [stdout]   --> src/main.rs:39:12
[INFO] [stdout]    |
[INFO] [stdout] 39 |     window:AppWindow,
[INFO] [stdout]    |            ^^^^^^^^^ not found in this scope
[INFO] [stdout] 
[INFO] [stdout] 
[INFO] [stdout] error[E0412]: cannot find type `AppWindow` in this scope
[INFO] [stdout]   --> src/main.rs:77:35
[INFO] [stdout]    |
[INFO] [stdout] 77 |   fn new_window(opengl:OpenGL) -> AppWindow{
[INFO] [stdout]    |                                   ^^^^^^^^^ not found in this scope
[INFO] [stdout] 
[INFO] [stdout] 
[INFO] [stdout] error[E0599]: no method named `graphics_api` found for struct `WindowSettings` in the current scope
[INFO] [stdout]   --> src/main.rs:79:24
[INFO] [stdout]    |
[INFO] [stdout] 79 |     .exit_on_esc(true).graphics_api(opengl).build().unwrap()
[INFO] [stdout]    |                        ^^^^^^^^^^^^ method not found in `WindowSettings`
[INFO] [stdout] 
[INFO] [stdout] 
[INFO] [stdout] error: aborting due to 3 previous errors
[INFO] [stdout] 
[INFO] [stdout] 
[INFO] [stdout] Some errors have detailed explanations: E0412, E0599.
[INFO] [stdout] 
[INFO] [stdout] For more information about an error, try `rustc --explain E0412`.
[INFO] [stdout] 
[INFO] [stderr] error: could not compile `shooting`.
[INFO] [stderr] 
[INFO] [stderr] To learn more, run the command again with --verbose.
[INFO] [stderr] warning: build failed, waiting for other jobs to finish...
[INFO] [stdout] error[E0599]: no method named `graphics_api` found for struct `WindowSettings` in the current scope
[INFO] [stdout]   --> src/main.rs:79:24
[INFO] [stdout]    |
[INFO] [stdout] 79 |     .exit_on_esc(true).graphics_api(opengl).build().unwrap()
[INFO] [stdout]    |                        ^^^^^^^^^^^^ method not found in `WindowSettings`
[INFO] [stdout] 
[INFO] [stdout] 
[INFO] [stdout] error: aborting due to 3 previous errors
[INFO] [stdout] 
[INFO] [stdout] 
[INFO] [stdout] Some errors have detailed explanations: E0412, E0599.
[INFO] [stdout] 
[INFO] [stdout] For more information about an error, try `rustc --explain E0412`.
[INFO] [stdout] 
[INFO] [stderr] error: build failed
[INFO] running `Command { std: "docker" "inspect" "77ca3cec4b975049d9f636e8e84049695d917a8f4bbd5df67fae0e2cfa66ca93", kill_on_drop: false }`
[INFO] running `Command { std: "docker" "rm" "-f" "77ca3cec4b975049d9f636e8e84049695d917a8f4bbd5df67fae0e2cfa66ca93", kill_on_drop: false }`
[INFO] [stdout] 77ca3cec4b975049d9f636e8e84049695d917a8f4bbd5df67fae0e2cfa66ca93
